{"id":3251,"date":"2020-12-03T08:02:25","date_gmt":"2020-12-03T08:02:25","guid":{"rendered":"https:\/\/feida.de\/info\/?page_id=3251"},"modified":"2020-12-09T15:18:54","modified_gmt":"2020-12-09T15:18:54","slug":"datenschutzerklaerung-2","status":"publish","type":"page","link":"https:\/\/feida.de\/info\/datenschutzerklaerung-2\/","title":{"rendered":"Datenschutzerkl\u00e4rung"},"content":{"rendered":"\n<h3 class=\"wp-block-heading\">Datenschutzerkl\u00e4rung<\/h3>\n\n\n\n<p>Wir freuen uns \u00fcber Ihren Besuch auf unserer Website und das Interesse an den durch unser Unternehmen angebotenen Leistungen.<\/p>\n\n\n\n<p>Als Betreiber dieses Internetauftritts nehmen wir Ihren Datenschutz sehr ernst und behandeln Ihre personenbezogenen Daten diskret und entsprechend den gesetzlichen Vorschriften.<\/p>\n\n\n\n<p>Diese Datenschutzerkl\u00e4rung soll Sie als Nutzer dieser Website gem\u00e4\u00df Bundesdatenschutzgesetz (BDSG), Telemediengesetz (TMG) sowie der Datenschutz-Grundverordnung (DS-GVO) \u00fcber die Art, den Umfang und den Zweck der Erhebung und Verwendung personenbezogener Daten durch uns als Betreiber der von Ihnen aufgerufenen Website informieren.<\/p>\n\n\n\n<h4 class=\"wp-block-heading\">I.) Zugriffsdaten<\/h4>\n\n\n\n<p>Beim Besuch dieser Website speichert der Web-Server des Providers automatisch Protokolldateien \u201eServer-Logfiles\u201d, die keiner bestimmten Person zugeordnet werden k\u00f6nnen.<\/p>\n\n\n\n<p>Umfasst ist die Speicherung der folgenden Daten:<\/p>\n\n\n\n<p>(1) Informationen \u00fcber den Browsertyp und die verwendete Version;<br>(2) Das Betriebssystem des Abrufger\u00e4tes;<br>(3) Hostname des zugreifenden Rechners;<br>(4) Die IP-Adresse des Abrufger\u00e4tes;<br>(5) Datum und Uhrzeit des Zugriffs;<br>(6) Websites und Ressourcen (Bilder, Dateien, weitere Seiteninhalte), die auf unserer Internetseite aufgerufen wurden;<br>(7) Websites, von denen das System des Nutzers auf unsere Internetseite gelangte (Referrer-Tracking);<br>(8) Meldung, ob der Abruf erfolgreich war;<br>(9) \u00dcbertragene Datenmenge<\/p>\n\n\n\n<p>Diese Daten werden in den Logfiles unseres Systems gespeichert. Eine Speicherung dieser Daten zusammen mit personenbezogenen Daten eines konkreten Nutzers findet nicht statt, sodass eine Identifizierung einzelner Seitenbesucher nicht erfolgt.<\/p>\n\n\n\n<p>Rechtsgrundlage f\u00fcr die Speicherung ist Art. 6 Abs. 1 lit. f DS-GVO.<\/p>\n\n\n\n<p>Die gesammelten Daten dienen lediglich der Sicherheit der Website sowie dem Schutz vor Missbrauch, wodurch sich unser berechtigtes Interesse an der Speicherung der Daten begr\u00fcndet. Eine Weitergabe an Dritte, zu kommerziellen oder nichtkommerziellen Zwecken, findet nicht statt. Die L\u00f6schung der vorgenannten technischen Daten erfolgt, sobald sie nicht mehr ben\u00f6tigt werden, um die Kompatibilit\u00e4t der Internetseite f\u00fcr alle Besucher zu gew\u00e4hrleisten. In der Regel erfolgt eine L\u00f6schung innerhalb von zwei Wochen nach dem Aufruf der Internetseite.<\/p>\n\n\n\n<h4 class=\"wp-block-heading\">II.) Personenbezogene Daten<\/h4>\n\n\n\n<p>Als personenbezogene Daten gelten s\u00e4mtliche Informationen, welche dazu dienen, Ihre Person zu bestimmen und welche zu Ihnen zur\u00fcckverfolgt werden k\u00f6nnen \u2013 also beispielsweise Ihr Name, Ihre E-Mail-Adresse und Telefonnummer.<\/p>\n\n\n\n<p>Wir erheben, nutzen und geben Ihre personenbezogenen Daten nur dann weiter, wenn dies im gesetzlichen Rahmen erlaubt ist oder Sie in die Datenerhebung einwilligen.<\/p>\n\n\n\n<h4 class=\"wp-block-heading\">III.) Kontakt<\/h4>\n\n\n\n<p>Wenn Sie mit uns \u00fcber die angegebenen Kontaktdaten Verbindung aufnehmen und keine Gesch\u00e4ftsbeziehung zu Ihnen besteht beziehungsweise nach der Kontaktaufnahme entsteht, werden Ihre personenbezogenen Angaben f\u00fcr einen Zeitraum von sechs Monaten gespeichert. Rechtsgrundlage ist in diesen F\u00e4llen Art. 6 Abs. 1 lit. f DS-GVO. Unser berechtigtes Interesse besteht darin, dass auf diese Daten zur Bearbeitung und Beantwortung Ihrer Anfrage zur\u00fcckgegriffen werden kann. Entsteht durch die Anfrage ein Vertragsverh\u00e4ltnis ist Rechtsgrundlage f\u00fcr die Verarbeitung von Daten Art. 6 Abs. 1 lit. b) DS-GVO. Ohne Ihre Einwilligung werden wir diese Daten nicht an Dritte weitergegeben.<\/p>\n\n\n\n<h4 class=\"wp-block-heading\">IV.) Cookies<\/h4>\n\n\n\n<p>Unsere Website verwendet so genannte Cookies. Dabei handelt es sich um kleine Textdateien, die mit Hilfe des Browsers auf Ihrem Endger\u00e4t abgelegt werden. Sie richten keinen Schaden an.<\/p>\n\n\n\n<p>Rechtsgrundlage f\u00fcr die Nutzung von Cookies ist Art. 6 Abs. 1 lit. f DS-GVO.<\/p>\n\n\n\n<p>Wir nutzen Cookies dazu, unser Angebot nutzerfreundlich zu gestalten und unsere Website auf diesem Wege zu verbessern. Dies stellt auch unser berechtigtes Interesse dar.<\/p>\n\n\n\n<p>Einige Cookies bleiben auf Ihrem Endger\u00e4t gespeichert, bis Sie diese l\u00f6schen. Cookies erm\u00f6glichen es uns, Ihren Browser beim n\u00e4chsten Besuch wiederzuerkennen. Wenn Sie dies nicht w\u00fcnschen, so k\u00f6nnen Sie Ihren Browser so einrichten, dass er Sie \u00fcber das Setzen von Cookies informiert und Sie dies nur im Einzelfall erlauben. Bei der Deaktivierung von Cookies kann die Funktionalit\u00e4t unserer Website eingeschr\u00e4nkt sein.<\/p>\n\n\n\n<h5 class=\"wp-block-heading\">1.) Google Fonts<\/h5>\n\n\n\n<p>Dieser Internetauftritt nutzt externe Schriften in Form von Google Fonts. Google Fonts ist ein Dienst der Google Inc. (\u201eGoogle\u201c). Die Einbindung dieser Web Fonts erfolgt durch einen Serveraufruf, in der Regel ein Server von Google in den USA. Hierdurch wird an den Server \u00fcbermittelt, welche unserer Internetseiten Sie besucht haben. Auch wird die IP-Adresse des Browsers des Endger\u00e4tes des Besuchers dieser Internetseiten von Google gespeichert.<\/p>\n\n\n\n<p>Die Nutzung von Google Web Fonts erfolgt im Interesse einer einheitlichen und ansprechenden Darstellung unseres Internetauftrittes. Dies stellt ein berechtigtes Interesse im Sinne von Art. 6 Abs. 1 lit. f DSGVO dar.<\/p>\n\n\n\n<p>N\u00e4here Informationen finden Sie in den Datenschutzhinweisen von Google, die Sie hier abrufen k\u00f6nnen:<\/p>\n\n\n\n<p>www.google.com\/policies\/privacy\/<\/p>\n\n\n\n<h5 class=\"wp-block-heading\">2.) Google Maps<\/h5>\n\n\n\n<p>Wir nutzen Google Maps zur Darstellung interaktiver Karten und zur Erstellung von Anfahrtsbeschreibungen. Google Maps ist ein Kartendienst von Google Inc., 1600 Amphitheatre Parkway, Mountain View, California 94043, USA. Durch die Nutzung von Google Maps k\u00f6nnen Informationen \u00fcber die Benutzung dieser Website einschlie\u00dflich Ihrer IP-Adresse und der im Rahmen der Routenplanerfunktion eingegebenen (Start-) Adresse an Google in den USA \u00fcbertragen werden Wenn Sie eine Webseite unseres Internetauftritts aufrufen, die Google Maps enth\u00e4lt, baut Ihr Browser eine direkte Verbindung mit den Servern von Google auf. Der Karteninhalt wird von Google direkt an Ihren Browser \u00fcbermittelt und von diesem in die Webseite eingebunden. Daher haben wir keinen Einfluss auf den Umfang der auf diese Weise von Google erhobenen Daten. Entsprechend unserem Kenntnisstand sind dies zumindest folgende Daten:<\/p>\n\n\n\n<p>\u2022Datum und Uhrzeit des Besuchs auf der betreffenden Webseite,<br>\u2022Internetadresse oder URL der aufgerufenen Webseite,<br>\u2022IP-Adresse,<br>\u2022im Rahmen der Routenplanung eingegebene (Start-)Anschrift.<\/p>\n\n\n\n<p>Auf die weitere Verarbeitung und Nutzung der Daten durch Google haben wir keinen Einfluss und k\u00f6nnen daher hierf\u00fcr keine Verantwortung \u00fcbernehmen.<\/p>\n\n\n\n<p>Wenn Sie nicht m\u00f6chten, dass Google \u00fcber unseren Internetauftritt Daten \u00fcber Sie erhebt, verarbeitet oder nutzt, k\u00f6nnen Sie in Ihrem Browsereinstellungen JavaScript deaktivieren. In diesem Fall k\u00f6nnen Sie die Kartenanzeige jedoch nicht nutzen.<\/p>\n\n\n\n<p>Zweck und Umfang der Datenerhebung und die weitere Verarbeitung und Nutzung der Daten durch Google sowie Ihre diesbez\u00fcglichen Rechte und Einstellungsm\u00f6glichkeiten zum Schutz Ihrer Privatsph\u00e4re entnehmen Sie bitte den Datenschutzhinweisen von Google.<\/p>\n\n\n\n<p>Durch die Nutzung unserer Webseite erkl\u00e4ren Sie sich mit der Bearbeitung der \u00fcber Sie erhobenen Daten durch Google Maps Routenplaner in der zuvor beschriebenen Art und Weise und zu dem zuvor benannten Zweck einverstanden.<\/p>\n\n\n\n<h4 class=\"wp-block-heading\">V.) Links zu Webseiten anderer Anbieter<\/h4>\n\n\n\n<p>Unsere Webseiten k\u00f6nnen Links zu Websites anderer Anbieter enthalten, auf deren Inhalt wir keinen Einfluss haben. Wir weisen darauf hin, dass diese Datenschutzerkl\u00e4rung ausschlie\u00dflich f\u00fcr unsere Website gilt. Wir kontrollieren nicht, ob andere Anbieter die geltenden Datenschutzbestimmungen einhalten.<\/p>\n\n\n\n<h4 class=\"wp-block-heading\">VI.) Ihre Rechte: Auskunft, Berichtigung und L\u00f6schung<\/h4>\n\n\n\n<p>Sie als Nutzer haben ein Recht auf Antrag Ihrerseits unentgeltlich Auskunft dar\u00fcber zu erhalten, welche personenbezogenen Daten \u00fcber Sie gespeichert wurden. Sofern Ihr Wunsch nicht mit einer gesetzlichen Pflicht zur Aufbewahrung von Daten (zum Beispiel Vorratsdatenspeicherung) kollidiert, haben Sie ein Anrecht auf Berichtigung falscher Daten und auf die Sperrung oder L\u00f6schung Ihrer personenbezogenen Daten sowie ein Recht die gespeicherten Daten auf sich oder einen von Ihnen bestimmten Dritten zu \u00fcbertragen. Au\u00dferdem haben Sie ein Recht auf Widerruf gegen die Verarbeitung Ihrer Daten, sofern dies nicht mit einer gesetzlichen Verpflichtung unsererseits kollidiert.<\/p>\n\n\n\n<p>Eine an uns erteilte Einwilligung zur Verarbeitung von Daten kann von Ihnen jederzeit widerrufen werden. Dies ber\u00fchrt nicht die Rechtm\u00e4\u00dfigkeit der auf Grundlage dieser Einwilligung erfolgten Verarbeitung der Daten bis zum Widerruf der Einwilligung.<\/p>\n\n\n\n<p>Wenn Sie glauben, dass die Verarbeitung Ihrer Daten gegen das Datenschutzrecht verst\u00f6\u00dft oder Ihre datenschutzrechtlichen Anspr\u00fcche sonst in einer Weise verletzt worden sind, k\u00f6nnen Sie sich bei der Aufsichtsbeh\u00f6rde beschweren. Im Bundesland Nordrhein-Westfalen wird diese Aufgabe durch die<\/p>\n\n\n\n<p>Landesbeauftragte f\u00fcr Datenschutz und Informationsfreiheit Nordrhein-Westfalen<br>Kavalleriestra\u00dfe 2\u20134<br>40213 D\u00fcsseldorf<br>Deutschland<br>Telefon +49 211 38424-0<br>Fax +49 211 38424-10<br>E-Mail: poststelle@ldi.nrw.de<\/p>\n\n\n\n<p>wahrgenommen.<\/p>\n\n\n\n<p>Wenn Sie noch Fragen zu diesen Datenschutzbestimmungen haben, k\u00f6nnen Sie sich gerne an die verantwortliche Stelle unter den nachfolgend angegebenen Kontaktdaten wenden:<\/p>\n\n\n\n<p>verantwortliche Stelle<\/p>\n\n\n\n<p>Feida Tools Deutschland GmbH<br>Rohrzieherstrasse 6<br>47877 Willich<\/p>\n\n\n\n<p>Telefon: 0049 (0)2154-89414-0<br>Telefax: 0049 (0)2154-89414-11<br>info@feida.de<\/p>\n","protected":false},"excerpt":{"rendered":"<p>Datenschutzerkl\u00e4rung Wir freuen uns \u00fcber Ihren Besuch auf unserer Website und das Interesse an den durch unser Unternehmen angebotenen Leistungen. Als Betreiber dieses Internetauftritts nehmen wir Ihren Datenschutz sehr ernst und behandeln Ihre personenbezogenen Daten diskret und entsprechend den gesetzlichen Vorschriften. Diese Datenschutzerkl\u00e4rung soll Sie als Nutzer dieser Website gem\u00e4\u00df Bundesdatenschutzgesetz (BDSG), Telemediengesetz (TMG) sowie&hellip;<\/p>\n","protected":false},"author":1,"featured_media":0,"parent":0,"menu_order":0,"comment_status":"closed","ping_status":"closed","template":"","meta":{"footnotes":""},"class_list":["post-3251","page","type-page","status-publish","hentry","description-off"],"yoast_head":"<!-- This site is optimized with the Yoast SEO plugin v22.4 - https:\/\/yoast.com\/wordpress\/plugins\/seo\/ -->\n<title>Datenschutzerkl\u00e4rung &#187; Feida Tools Deutschland GmbH<\/title>\n<meta name=\"robots\" content=\"index, follow, max-snippet:-1, max-image-preview:large, max-video-preview:-1\" \/>\n<link rel=\"canonical\" href=\"https:\/\/feida.de\/info\/datenschutzerklaerung-2\/\" \/>\n<meta property=\"og:locale\" content=\"de_DE\" \/>\n<meta property=\"og:type\" content=\"article\" \/>\n<meta property=\"og:title\" content=\"Datenschutzerkl\u00e4rung &#187; Feida Tools Deutschland GmbH\" \/>\n<meta property=\"og:description\" content=\"Datenschutzerkl\u00e4rung Wir freuen uns \u00fcber Ihren Besuch auf unserer Website und das Interesse an den durch unser Unternehmen angebotenen Leistungen. Als Betreiber dieses Internetauftritts nehmen wir Ihren Datenschutz sehr ernst und behandeln Ihre personenbezogenen Daten diskret und entsprechend den gesetzlichen Vorschriften. Diese Datenschutzerkl\u00e4rung soll Sie als Nutzer dieser Website gem\u00e4\u00df Bundesdatenschutzgesetz (BDSG), Telemediengesetz (TMG) sowie&hellip;\" \/>\n<meta property=\"og:url\" content=\"https:\/\/feida.de\/info\/datenschutzerklaerung-2\/\" \/>\n<meta property=\"og:site_name\" content=\"Feida Tools Deutschland GmbH\" \/>\n<meta property=\"article:modified_time\" content=\"2020-12-09T15:18:54+00:00\" \/>\n<meta name=\"twitter:card\" content=\"summary_large_image\" \/>\n<meta name=\"twitter:label1\" content=\"Gesch\u00e4tzte Lesezeit\" \/>\n\t<meta name=\"twitter:data1\" content=\"6\u00a0Minuten\" \/>\n<script type=\"application\/ld+json\" class=\"yoast-schema-graph\">{\"@context\":\"https:\/\/schema.org\",\"@graph\":[{\"@type\":\"WebPage\",\"@id\":\"https:\/\/feida.de\/info\/datenschutzerklaerung-2\/\",\"url\":\"https:\/\/feida.de\/info\/datenschutzerklaerung-2\/\",\"name\":\"Datenschutzerkl\u00e4rung &#187; Feida Tools Deutschland GmbH\",\"isPartOf\":{\"@id\":\"https:\/\/feida.de\/info\/#website\"},\"datePublished\":\"2020-12-03T08:02:25+00:00\",\"dateModified\":\"2020-12-09T15:18:54+00:00\",\"breadcrumb\":{\"@id\":\"https:\/\/feida.de\/info\/datenschutzerklaerung-2\/#breadcrumb\"},\"inLanguage\":\"de\",\"potentialAction\":[{\"@type\":\"ReadAction\",\"target\":[\"https:\/\/feida.de\/info\/datenschutzerklaerung-2\/\"]}]},{\"@type\":\"BreadcrumbList\",\"@id\":\"https:\/\/feida.de\/info\/datenschutzerklaerung-2\/#breadcrumb\",\"itemListElement\":[{\"@type\":\"ListItem\",\"position\":1,\"name\":\"Startseite\",\"item\":\"https:\/\/feida.de\/info\/\"},{\"@type\":\"ListItem\",\"position\":2,\"name\":\"Datenschutzerkl\u00e4rung\"}]},{\"@type\":\"WebSite\",\"@id\":\"https:\/\/feida.de\/info\/#website\",\"url\":\"https:\/\/feida.de\/info\/\",\"name\":\"Feida Tools Deutschland GmbH - Drills for Experts - Ihr Bohrer Spezialist\",\"description\":\"drills for experts\",\"publisher\":{\"@id\":\"https:\/\/feida.de\/info\/#organization\"},\"potentialAction\":[{\"@type\":\"SearchAction\",\"target\":{\"@type\":\"EntryPoint\",\"urlTemplate\":\"https:\/\/feida.de\/info\/?s={search_term_string}\"},\"query-input\":\"required name=search_term_string\"}],\"inLanguage\":\"de\"},{\"@type\":\"Organization\",\"@id\":\"https:\/\/feida.de\/info\/#organization\",\"name\":\"Feida Tools Deutschland GmbH\",\"url\":\"https:\/\/feida.de\/info\/\",\"logo\":{\"@type\":\"ImageObject\",\"inLanguage\":\"de\",\"@id\":\"https:\/\/feida.de\/info\/#\/schema\/logo\/image\/\",\"url\":\"https:\/\/feida.de\/info\/wp-content\/uploads\/2019\/10\/feida_trans_mitr_88.png\",\"contentUrl\":\"https:\/\/feida.de\/info\/wp-content\/uploads\/2019\/10\/feida_trans_mitr_88.png\",\"width\":171,\"height\":88,\"caption\":\"Feida Tools Deutschland GmbH\"},\"image\":{\"@id\":\"https:\/\/feida.de\/info\/#\/schema\/logo\/image\/\"}}]}<\/script>\n<!-- \/ Yoast SEO plugin. -->","yoast_head_json":{"title":"Datenschutzerkl\u00e4rung &#187; Feida Tools Deutschland GmbH","robots":{"index":"index","follow":"follow","max-snippet":"max-snippet:-1","max-image-preview":"max-image-preview:large","max-video-preview":"max-video-preview:-1"},"canonical":"https:\/\/feida.de\/info\/datenschutzerklaerung-2\/","og_locale":"de_DE","og_type":"article","og_title":"Datenschutzerkl\u00e4rung &#187; Feida Tools Deutschland GmbH","og_description":"Datenschutzerkl\u00e4rung Wir freuen uns \u00fcber Ihren Besuch auf unserer Website und das Interesse an den durch unser Unternehmen angebotenen Leistungen. Als Betreiber dieses Internetauftritts nehmen wir Ihren Datenschutz sehr ernst und behandeln Ihre personenbezogenen Daten diskret und entsprechend den gesetzlichen Vorschriften. Diese Datenschutzerkl\u00e4rung soll Sie als Nutzer dieser Website gem\u00e4\u00df Bundesdatenschutzgesetz (BDSG), Telemediengesetz (TMG) sowie&hellip;","og_url":"https:\/\/feida.de\/info\/datenschutzerklaerung-2\/","og_site_name":"Feida Tools Deutschland GmbH","article_modified_time":"2020-12-09T15:18:54+00:00","twitter_card":"summary_large_image","twitter_misc":{"Gesch\u00e4tzte Lesezeit":"6\u00a0Minuten"},"schema":{"@context":"https:\/\/schema.org","@graph":[{"@type":"WebPage","@id":"https:\/\/feida.de\/info\/datenschutzerklaerung-2\/","url":"https:\/\/feida.de\/info\/datenschutzerklaerung-2\/","name":"Datenschutzerkl\u00e4rung &#187; Feida Tools Deutschland GmbH","isPartOf":{"@id":"https:\/\/feida.de\/info\/#website"},"datePublished":"2020-12-03T08:02:25+00:00","dateModified":"2020-12-09T15:18:54+00:00","breadcrumb":{"@id":"https:\/\/feida.de\/info\/datenschutzerklaerung-2\/#breadcrumb"},"inLanguage":"de","potentialAction":[{"@type":"ReadAction","target":["https:\/\/feida.de\/info\/datenschutzerklaerung-2\/"]}]},{"@type":"BreadcrumbList","@id":"https:\/\/feida.de\/info\/datenschutzerklaerung-2\/#breadcrumb","itemListElement":[{"@type":"ListItem","position":1,"name":"Startseite","item":"https:\/\/feida.de\/info\/"},{"@type":"ListItem","position":2,"name":"Datenschutzerkl\u00e4rung"}]},{"@type":"WebSite","@id":"https:\/\/feida.de\/info\/#website","url":"https:\/\/feida.de\/info\/","name":"Feida Tools Deutschland GmbH - Drills for Experts - Ihr Bohrer Spezialist","description":"drills for experts","publisher":{"@id":"https:\/\/feida.de\/info\/#organization"},"potentialAction":[{"@type":"SearchAction","target":{"@type":"EntryPoint","urlTemplate":"https:\/\/feida.de\/info\/?s={search_term_string}"},"query-input":"required name=search_term_string"}],"inLanguage":"de"},{"@type":"Organization","@id":"https:\/\/feida.de\/info\/#organization","name":"Feida Tools Deutschland GmbH","url":"https:\/\/feida.de\/info\/","logo":{"@type":"ImageObject","inLanguage":"de","@id":"https:\/\/feida.de\/info\/#\/schema\/logo\/image\/","url":"https:\/\/feida.de\/info\/wp-content\/uploads\/2019\/10\/feida_trans_mitr_88.png","contentUrl":"https:\/\/feida.de\/info\/wp-content\/uploads\/2019\/10\/feida_trans_mitr_88.png","width":171,"height":88,"caption":"Feida Tools Deutschland GmbH"},"image":{"@id":"https:\/\/feida.de\/info\/#\/schema\/logo\/image\/"}}]}},"_links":{"self":[{"href":"https:\/\/feida.de\/info\/wp-json\/wp\/v2\/pages\/3251","targetHints":{"allow":["GET"]}}],"collection":[{"href":"https:\/\/feida.de\/info\/wp-json\/wp\/v2\/pages"}],"about":[{"href":"https:\/\/feida.de\/info\/wp-json\/wp\/v2\/types\/page"}],"author":[{"embeddable":true,"href":"https:\/\/feida.de\/info\/wp-json\/wp\/v2\/users\/1"}],"replies":[{"embeddable":true,"href":"https:\/\/feida.de\/info\/wp-json\/wp\/v2\/comments?post=3251"}],"version-history":[{"count":3,"href":"https:\/\/feida.de\/info\/wp-json\/wp\/v2\/pages\/3251\/revisions"}],"predecessor-version":[{"id":3259,"href":"https:\/\/feida.de\/info\/wp-json\/wp\/v2\/pages\/3251\/revisions\/3259"}],"wp:attachment":[{"href":"https:\/\/feida.de\/info\/wp-json\/wp\/v2\/media?parent=3251"}],"curies":[{"name":"wp","href":"https:\/\/api.w.org\/{rel}","templated":true}]}}